ainder when (17 + t*-1)/((-16)/(-48)) is divided by 8.
5
Suppose 0 = 4*r - 5*o - 22, -1 = 3*r + o + 4*o. Suppose r*z + 252 = 9*z. Calculate the remainder when z is divided by 22.
20
Suppose 35 = 5*j + 5. Suppose -4*g + j*g - 12 = 0. What is the remainder when 34 is divided by g?
4
Let n(z) = -14*z + 149. What is the remainder when n(0) is divided by 15?
14
Suppose -2*s = w - 1, 0*s - 2*s + 7 = -w. Suppose 13 = s*r - 7. What is the remainder when 18 is divided by r?
8
Let h = -19 - -7. Calculate the remainder when 5/((-60)/(-56))*6 is divided by 0 + (-4 - h) - 2.
4
Suppose -8*s + 165 = -3*s. Let x(n) = 2*n - 2. Let q be 4/(-14) - (-255)/35. What is the remainder when s is divided by x(q)?
9
Suppose -4*x + 89 + 23 = 0. Calculate the remainder when 49 - -2 - 6 - -7 is divided by x.
24
Suppose 0 = 5*n - 3*n - 54. Let d be 28/12 + 3/(-9). Calculate the remainder when (d + 0)*41 + -2 is divided by n.
26
Suppose 0 = -k - 3*k - 5*j + 257, 0 = -3*k + 2*j + 210. What is the remainder when 120 is divided by k?
52
Suppose 6 = 2*i - 0*i. Suppose 5*z = 5*s, -4*z = 2*s - s - 15. Calculate the remainder when (1/i)/((-2)/(-36)) is divided by s.
0
Suppose 2*j + 4*l - 9*l = -3, -l - 9 = -2*j. Calculate the remainder when 1*15*(-4)/(-6) is divided by j.
4
Let r = 201 + 9. Calculate the remainder when r/2 + (-6)/(-6) is divided by 27.
25
Suppose 3*t + y = 3*y + 1310, -3*t - 3*y = -1290. Suppose 31*c - 29*c = t. What is the remainder when c is divided by 20?
17
Suppose 0 - 9 = -3*n. Suppose n*l = -2*u + 16, 2*l = -2*u + l + 8. Suppose 21 + 57 = u*v. Calculate the remainder when v is divided by 21.
18
Suppose -24 - 256 = -4*o. Let h = o - 12. What is the remainder when h is divided by 10?
8
Let u be 98/(-35) + 3 - 259/(-5). Suppose -71*q = -75*q + u. Suppose -2 = 5*h - 162. What is the remainder when h is divided by q?
6
Suppose -850*c + 2248 = -842*c. Calculate the remainder when c is divided by 9.
2
Suppose 5*q + 75 + 15 = n, 20 = 4*n. Let m = q - -32. What is the remainder when 44 is divided by m?
14
Suppose 0 = -9*b + 112 + 158. What is the remainder when b is divided by 2?
0
Suppose 2*s + 5044 = 3*r + 2*r, -3*s = 3*r - 3039. Suppose 15*a - r = 10*a. Calculate the remainder when a is divided by 41.
38
Suppose 4*y = -4*k - 72, 5*y - 8 = 2. Suppose 0 = -2*v - 5 - 93. Let x = k - v. Calculate the remainder when x is divided by 16.
13
Let q(c) = -5*c + 6. Let s(n) = -n + 1. Let l(t) = 6*q(t) - 33*s(t). Suppose x - 12*x = -4*x - 161. What is the remainder when x is divided by l(3)?
11
Let s(j) = j**3 + 11*j**2 - 30*j - 349. What is the remainder when 128 is divided by s(-10)?
26
Let x = -912 - -1016. Calculate the remainder when x is divided by 25.
4
Let g = 82 - -49. What is the remainder when g is divided by 52?
27
Let t(y) = -5*y - 143. Calculate the remainder when 636 is divided by t(-35).
28
Suppose 8*x = 3*x. Suppose -y + 119 = 5*l - x*y, 5*l + 4*y = 116. Suppose 0 = -b - 5*j + l, -4*b - 4*j + 81 = j. What is the remainder when 75 is divided by b?
18
Let n = -43 - -56. Calculate the remainder when 63 is divided by n.
11
Let b = -11 + 36. Suppose -13*j + 9*j = 2*d - 152, 5*j = -3*d + 226. Calculate the remainder when d is divided by b.
22
Suppose -15 = -3*r + 4*z, r + 4*z = 1 + 4. Let o = 4 + 3. Let j = o - r. What is the remainder when j is divided by 1?
0
Suppose -2*b + 912 = -q + 210, -q = -b + 352. Calculate the remainder when b is divided by 27.
26
Let z be 152/36 + 8/(-36). Suppose 5*h + 2*r = -0*h + 121, 3*h = -z*r + 81. Suppose -4*w + 1 + 35 = 0. Calculate the remainder when h is divided by w.
5
Suppose 0 = -4*h + 6 + 2. Calculate the remainder when (120/35)/((-6)/(-63)) is divided by h + -2 + (11 - -2).
10
Let o(x) = x + 5. Let k be o(-3). Suppose 4*t - 191 = -5*y, 69 = 3*y + k*t - 46. What is the remainder when y is divided by 21?
18
Let f(w) = 3*w**3 - 15*w**2 + 5. What is the remainder when f(6) is divided by 5?
3
Let f = 12 - 15. Let q = 17 + f. What is the remainder when 26 is divided by q?
12
Let r = -1171 - -1201. Let c be (5 - 2/1) + -1. Suppose c*p = -0*p - 2*i + 30, -i - 1 = 0. Calculate the remainder when r is divided by p.
14
Let d = -109 + 179. Calculate the remainder when 50 is divided by d/(-20)*18*(-6)/21.
14
Suppose -6*y + 4*y = 0. Suppose 8*q + y*q = 32. Calculate the remainder when 15 is divided by q.
3
Let i = 273 - 182. Let q = -51 + i. What is the remainder when q is divided by 15?
10
Suppose 16*z = -405 + 1317. What is the remainder when 277 is divided by z?
49
Suppose 6*f + 10 = 11*f. Suppose 4*m - 18 = 5*a + 5, -2*m - 2*a = f. What is the remainder when m is divided by 2?
0
Suppose -136 = -52*o + 56*o. What is the remainder when 46 is divided by ((-6)/(-4))/((-3)/o)?
12
Let s be (-598)/5 - 12/30. Calculate the remainder when 13 is divided by s/16*4/(-6).
3
Let u(i) = -2*i**3 - 22*i**2 + 20*i + 40. What is the remainder when u(-12) is divided by 7?
4
Suppose x = -4 + 6. Suppose 4*d - 4*p = 4, 5*d - 3*p = -x*p + 13. Suppose -d*r + r + 48 = 0. Calculate the remainder when 69 is divided by r.
21
Suppose 52*q + 616 = 80*q. What is the remainder when q is divided by 9?
4
What is the remainder when (12 - 63)/(3/(-7)) is divided by 6?
5
Let f(d) = 18*d. Let x be f(2). Suppose 4*o - 75 = -3*r, o = 4*r - 16 + 49. Let m = x - o. Calculate the remainder when 44 is divided by m.
14
Let h(z) = z**3 - 3*z**2 + 4*z - 10. Let k be h(5). Let j = 7 + k. What is the remainder when j is divided by 14?
11
Calculate the remainder when 34 is divided by (-1610)/(-49) + 5/35.
1
Suppose -2*q + 31 = -v, -3*q - 3*v = -8*v - 29. What is the remainder when q is divided by 8?
2
Let j = -33 - -76. Let r = j - 17. Calculate the remainder when 101 is divided by r.
23
Suppose 0 = 5*r + 33 - 73. What is the remainder when 23 is divided by r?
7
Suppose 2*u = 4, a - 24 = -a - 3*u. Suppose -o - 17 = c, -o + 2*o = -3*c - 61. Let z = c - -56. What is the remainder when z is divided by a?
7
Suppose 6*h - 3*h - 45 = 0. What is the remainder when 726/10 - (37/(-5) + 8) is divided by h?
12
Let t(q) = -q**2 - 45*q - 74. What is the remainder when t(-40) is divided by 43?
40
Let h(q) = q**3 + 10*q**2 - q + 26. What is the remainder when 429 is divided by h(-10)?
33
Let t(x) = -x - 8. Let u be t(-13). Suppose u*k = 4*c - 700, -5*k + 175 = c - 2*k. Calculate the remainder when c is divided by 59.
57
Let k = -76 - -203. Let c = k - 91. Suppose -4*a = -2*a - c. Calculate the remainder when a is divided by 7.
4
Suppose 3*l - 145 = i - 71, 33 = l - 2*i. What is the remainder when 89 is divided by l?
20
Let f = 956 - 936. What is the remainder when 197 is divided by f?
17
Suppose 2*h - 6 = 0, 5*h - 1005 = -3*j - 93. What is the remainder when j is divided by 50?
49
Let w be (5*4/4)/(-1). Calculate the remainder when 1 + 55 - (-7 - w) is divided by 10.
8
What is the remainder when 136 is divided by (-8)/132 - 99840/(-792)?
10
Suppose 19*t - 125 - 8 = 0. Calculate the remainder when 21 is divided by t.
0
Let s(a) be the first derivative of -3*a**2/2 + 73*a + 18. What is the remainder when 127 is divided by s(10)?
41
Let k(q) = -q**3 - 8*q**2 + 8*q - 13. Let x be k(-9). What is the remainder when 553/63 - x/18 is divided by 3?
0
Let j = -6 + 12. Calculate the remainder when 2/(-6) + (-50)/(-6) is divided by (3/j)/((-2)/(-12)).
2
Let f(k) = -4*k**2 - 33*k - 49. What is the remainder when 29 is divided by f(-6)?
4
Suppose -3*u + 7*y - 28 = 2*y, -4*y = 2*u + 4. Calculate the remainder when 3/u - (-2190)/20 is divided by 28.
25
Let g(o) = -2*o**2 - 9*o - 7. Let i(s) = s**2. Let h(t) = -g(t) - 3*i(t). Let a be h(5). Suppose 2*d = 3 + a. Calculate the remainder when 27 is divided by d.
12
Let b be 3/(-9) - 1/(-3). Suppose -2*v + 1 + 3 = b. Suppose 2*f + v*f = -y + 35, -f + 4*y = -30. What is the remainder when f is divided by 3?
1
Let h = 31 - 23. What is the remainder when 2/h + 87/4 is divided by 13?
9
Calculate the remainder when 138 is divided by -4*((-77)/4 + 10).
27
Calculate the remainder when 117/(18/27 - 1/(-3)) is divided by 64.
53
Let x(b) = -b**3 + 28*b**2 + 30*b + 60. What is the remainder when 123 is divided by x(29)?
34
Let l = 11 - 8. Let q = l - -3. Suppose -8*z + 40 = -q*z. What is the remainder when 39 is divided by z?
19
Let p = -92 - -188. Let w = p - 84. Calculate 